*z - 7. Let g be p(-7). Let o(w) = 701*w**2 + 696*w**2 + 8*w - 10 - 1398*w**2. What is o(g)?
-3
Let f = -42 + 45. Let s(z) = -27 + 16 + 0*z**2 + 14 + z**2 - f*z. Give s(3).
3
Let r(q) = -6*q + 2*q + 2*q - 7 - 11*q + 5. Determine r(1).
-15
Let j = 18 + -9. Suppose 3*z = 4*f + 3, j*z - 5 = 4*z + 2*f. Let q(g) = -10*g**2 - g + 1. Give q(z).
-10
Let n(a) = a**3 - 5*a**2 - 3*a - 3. Suppose 5*b + 2*c = 6 + 28, -3*b + c = -16. Let z be (b - (-25)/(-5))*6. Calculate n(z).
15
Let w(d) be the third derivative of 1/12*d**5 + 41*d**2 + 1/6*d**3 - 5/24*d**4 - 1/120*d**6 - 2*d + 0. Give w(4).
-3
Let g = 1854 - 1858. Let a(t) = t**3 + t**2 + 1. Calculate a(g).
-47
Let k = 1089 - 1093. Let f(s) = -9*s + 2. Determine f(k).
38
Let v = -5 + 8. Let h(o) = -3 + v*o + 2 - 5*o. Let f be h(-2). Let g(k) = -k - 3. What is g(f)?
-6
Let d(s) = 6*s - 2. Let g(t) = t**3 + 5*t**2 + 15*t + 132. Let v be g(-6). What is d(v)?
34
Let o(h) be the first derivative of -13*h**4/2 - h**3/3 + h - 7. Determine o(1).
-26
Let v(w) = 8*w**2 - w - 1. Let y(o) be the second derivative of 7*o**4/12 + 3*o. Let s(i) = 6*v(i) - 7*y(i). What is s(-5)?
-1
Let k(d) = -3*d - 18. Let b be -3*((-11)/(-3) + -3) + -7. What is k(b)?
9
Let l = -13 + 14. Let v(j) = 13*j**3 + j**2 - j. Determine v(l).
13
Let o(b) = 0 + 4*b - 6*b - 19 + 0*b. What is o(-8)?
-3
Let q = -1 + 4. Suppose p + 4 = 0, 0*p + q*p + 4 = 4*z. Let o(k) = -5 - 3*k - 1 - 1 + 9. Determine o(z).
8
Suppose 0 = 4*a + 1 - 9. Let j(h) = 7*h**2 + 6*h + 6. Let g(p) = -p**2 - p - 1. Let t(r) = 6*g(r) + j(r). Determine t(a).
4
Let y(v) be the second derivative of -8*v + 7/2*v**2 - 1/12*v**4 + 0 - 1/2*v**3. Let a be (0 + -5 - 0) + 0. What is y(a)?
-3
Let o = -38 - -42. Let r(m) = o - 3 + 3*m**2 - 3 - 4*m**2 + 2*m. Suppose -5*n + 2*n + l = -11, -2*n = 5*l + 21. Determine r(n).
-2
Let g be 1/4 - 10/8. Let p(s) = 3*s - 13. Let q(v) = 10*v - 45. Let r(o) = -7*p(o) + 2*q(o). Give r(g).
2
Suppose 37 - 1 = 9*y. Let s(f) = -f**2 + 3*f + 4. Calculate s(y).
0
Let p(j) = -j**3 + 7*j**2 - 3*j - 13. Let m be p(6). Let z(h) = -m - 21*h - 4 + 18*h. Give z(-6).
9
Let i(k) = k**3 + 5*k**2 + 5*k - 5. Suppose -5*v - 16 = -2*p - 0*v, p - v = 2. Let a(s) = -s**2 - s - 1. Let q(x) = p*a(x) + i(x). Determine q(-6).
-9
Let f(g) be the first derivative of g**3/3 - 2*g**2 + 3*g + 7. What is f(5)?
8
Let v(n) = 24*n**2 - 51*n**3 - n + 6 - 30*n**2 + 52*n**3 + 0*n. Suppose -6*l = -3*g - 2*l - 28, 16 = -g + 3*l. Let f be (g/(-2) - -1) + 3. Calculate v(f).
0
Let f = 4424 + -4421. Let t(c) = -c**2 + 4 - c**3 + 0*c**3 + 3*c**2. Determine t(f).
-5
Let u(b) be the third derivative of b**6/120 + b**5/60 - b**4/24 - b**3/6 + b**2. Let p be (-6)/14 - 618/(-21). Let s = 29 - p. Calculate u(s).
-1
Let x(k) = k**2 - 30*k - 182. Let q be x(-5). Let c(g) = g**2 + 10*g + 16. Calculate c(q).
-5
Let c(f) = -2 + 0*f**2 - 2*f - f**2 + f. Let x = 313 + -316. Determine c(x).
-8
Suppose 3*n = 0, -s - 20 = n - 3*n. Let z be (-4)/s + 31/(-5). Let y(c) = -c**3 - 5*c**2 + 8*c + 4. What is y(z)?
-8
Let j(v) = 7*v**3 + 6*v**2 + 12*v - 12. Let d(y) = y**3 + y - 1. Let w(x) = 6*d(x) - j(x). Suppose -n + 25 = -4*t, -n + 11 = 3*t + 21. Give w(t).
11
Let j(r) = -13*r + 3. Suppose -8 = -4*t - 4*d, 0 = 14*t - 12*t - 3*d - 14. Determine j(t).
-49
Let i be 3*(-3)/3 + (2 - -1). Let z(w) be the third derivative of 1/24*w**4 + 0*w + i - w**2 - 1/6*w**3 + 1/120*w**6 + 1/15*w**5. Determine z(-3).
5
Suppose 3*z = x - 15, 9*z - 5*z + 20 = -x. Let r(n) = n**3 + n**2 + 2*n + 10. Determine r(x).
10
Let x(r) = -206*r + 1 + 403*r - 198*r. Let t = -5 - -5. Determine x(t).
1
Let f(p) = -p - 9. Suppose n - 2 = -k - 3, 0 = -3*k - n - 11. Calculate f(k).
-4
Let a(m) = 6*m + 6 + 2*m**2 - 8*m**2 + 4*m**2 + 3*m**2. Let w(j) = j**2 - j - 4. Let c be w(0). Calculate a(c).
-2
Let g(m) = m + 11. Let f(d) = -d**3 + 15*d**2 + 15*d + 8. Let b be f(16). Give g(b).
3
Let v(g) = g**3 + g**2 + 2*g + 1. Let f(d) = 6*d**3 - 7*d**2 + 11*d - 6. Let m(x) = f(x) - 5*v(x). What is m(12)?
1
Let m(a) = -a**3 - 19*a**2 + 20*a - 26. Let w be m(-20). Let q = 33 + w. Let y(g) = -g + 4. What is y(q)?
-3
Suppose 12 = 3*g, -5*o - 5*g = -2*o - 44. Let i(z) = z**2 - 8*z - 2. Determine i(o).
-2
Let k(m) = -3*m - 40. Let y be (273/(-28) - -9)*32/2. Give k(y).
-4
Let l(a) = a**2 + 6*a - 2. Let p(s) = s**2 + 16*s - 18. Let z be p(-18). Suppose 2*i + 2*b = -z, -4*i = b - 0*b + 30. Give l(i).
5
Let k(g) = 7 - 10 - g**2 - 16 - 14 - 14*g + 7. What is k(-11)?
7
Let i(m) = 10*m + 64. Let p(n) = -7*n - 43. Let q(b) = -5*i(b) - 7*p(b). Calculate q(-17).
-2
Let d(n) = -2*n**2 + 2*n. Let p(x) = -x**2 - 12*x + 13. Let g(h) = -2*d(h) + 2*p(h). Give g(13).
0
Let j(x) = -x**2 + 5. Let f be j(0). Let l(w) = 2*w - 306*w**2 - 298*w**2 - 7 + 611*w**2 - 5*w - 3*w - w**3. Calculate l(f).
13
Let l = -26 - 9. Let d be (-14)/l*10*1. Let a(y) = y**3 + 5*y**2 - 5*y + 8. Let i(q) = 3*q**3 + 10*q**2 - 10*q + 17. Let b(u) = 5*a(u) - 2*i(u). Give b(d).
2
Let f be 9/6 + (-10)/(-4). Let n(j) = -5*j**2 - 9*j + 4. Let g = 2 - 3. Let c(w) = -w**2 - w + 1. Let d(p) = g*n(p) + 6*c(p). Determine d(f).
-2
Let h(b) = 8*b - 1. Let t = 1 - 0. Let f be ((-24)/(-42))/(t/7). Suppose 8*k = f*k + 4. What is h(k)?
7
Suppose 4*l = -2*p + 16, 3*l + 2*p = 4*p + 12. Let a(z) be the second derivative of -6*z + 0 + 0*z**2 - 1/3*z**3. Give a(l).
-8
Let i(u) = -u**3 - 1. Let d(x) = 4*x**3 + 17*x**2 - 9. Let p(z) = -d(z) - 6*i(z). Let n(j) = j**3 - 8*j**2 + 7. Let m(f) = 13*n(f) - 6*p(f). Give m(2).
1
Suppose -7*f = -30*f - 345. Let x be -19 - (-3)/(3/2). Let g = x - f. Let k(p) = -p**3 - p**2. What is k(g)?
4
Let r(f) = -8*f - 303. Let k be r(-37). Let i(w) = w**2 + 10*w + 17. Calculate i(k).
-4
Let d(i) = 88*i + 6 - i**3 + 91*i - 6*i**2 + 81*i - 253*i. Let o(b) = b**3 - 4*b**2 + 2*b - 4. Let w be o(3). Calculate d(w).
6
Let k(o) = -o**2 - 3. Let t(w) = -3*w**2 + 7*w - 11. Let g(m) = -2*k(m) + t(m). Determine g(4).
7
Let t(i) = i**3 + 6*i**2 + 8*i + 5. Suppose j + 12 = -3*u, -5*u - 5*j - 59 = -29. Give t(u).
8
Let u = 10 - 2. Suppose -4 + u = 4*d. Let i(v) = -10*v**2 + v. Determine i(d).
-9
Let g(w) = 6 + 8 - 7 + w. Suppose -r - 5*h = 0, -4*h = -0 + 4. Suppose -a = -r*b - 5, -2*b + 2*a = -5*b + 10. Determine g(b).
7
Let p(w) = w**3 - 3*w**2 - 5*w + 10. Let r be p(4). Let g be 2*(-5)/((-20)/r). Let o(k) = 0*k**2 + k**3 - k**2 + 1 + 0*k - 4*k. What is o(g)?
7
Let r(y) = y + 3. Let i(k) = k**2 - 15*k + 29. Let u be i(13). Suppose 3*v = -u, w - v = -2*w - 17. Calculate r(w).
-3
Suppose 5*p = 2*p - 9. Suppose 0 = 3*b - 0*b - 9. Let c = b + p. Let l(z) = -z - 6. Determine l(c).
-6
Let u(i) = 3*i**3 + 6*i**2 + 4. Let f(l) = 16*l**3 + 31*l**2 - l + 21. Let g(y) = 2*f(y) - 11*u(y). Suppose -1 = -3*j + 8. Suppose -z = -0 + j. Give g(z).
-5
Let h(y) be the first derivative of -y**4/4 + 2*y**3/3 + y**2 + y + 564. What is h(3)?
-2
Let c(a) = -a**2 - 7*a. Let g(p) = p**3 - 11*p**2 - 6*p + 11. Let h be g(11). Let j = -61 - h. What is c(j)?
6
Let q be 0 - (24/(-4) - 0). Suppose -q*h + 5 = 11. Let a(d) = 13*d**2. What is a(h)?
13
Let x(q) = q + 7. Let p(a) = 2*a**3 + 5*a**2 + 4*a + 3. Let g be p(-3). Let v = -12 - g. Suppose l + 5*b = -v, -2*l + 4*b - 12 = b. Calculate x(l).
1
Let s(f) = f**3 - 2*f**2 - 8*f + 2. Let n = -33 - -37. Let o be s(n). Let a(q) = q**2 - 13 - 4 - o. Calculate a(0).
-19
Let s(c) = -4*c. Suppose -3*b = 427 - 439. Give s(b).
-16
Suppose -5*s = -5*z - 145, 0*s - 115 = 5*z + s. Let m = z + 22. Let d(x) be the first derivative of -x**3/3 + x**2 + 3*x + 1. Give d(m).
-5
Let u = 1 - 60. Let z = u - -61. Let l(r) = 20*r**3 - 6*r**2 + 14. Let c(q) = -7*q**3 + 2*q**2 - 5. Let j(p) = -17*c(p) - 6*l(p). What is j(z)?
1
Let b(n) be the first derivative of -n**7/840 - n**6/90 + n**5/30 + n**4/12 + 13*n**3 + 31. Let m(r) be the third derivative of b(r). Determine m(-5).
7
Suppose -9*o = 9*o + 144. Let l(i) = -i - 12. Determine l(o).
-4
Let q(y) = y**3 - 10*y**2 - 23*y - 11. Let s(l) = 11*l**2 - 2*l + 3. Let r be s(1). Calculate q(r).
1
Let u(i) be the third derivative of i**4/12 - i**3/3 + 5496*i**2. Let b = -14 - -10. Calculate u(b).
-10
Let a(s) = 5*s + 1 + 12*s**2 - 4*s**2 - 9*s**2. Let o = 25 + -37. Let b = 17 + o. What is a(b)?
1
Let h(n) be the third derivative of n**5/60 - n**4/8 - 11*n**3/6 - 66*n**2. Calculate h